{"id":3222,"date":"2021-12-01T20:20:24","date_gmt":"2021-12-01T19:20:24","guid":{"rendered":"https:\/\/www.colegiosantisimo.es\/?page_id=3222"},"modified":"2026-04-15T14:40:09","modified_gmt":"2026-04-15T12:40:09","slug":"comedor","status":"publish","type":"page","link":"https:\/\/www.colegiosantisimo.es\/?page_id=3222","title":{"rendered":"Comedor"},"content":{"rendered":"<p>Servicio de restauraci\u00f3n SERUNION:<\/p>\n<p>Men\u00fa del mes<\/p>\n<p><a href=\"https:\/\/www.colegiosantisimo.es\/?attachment_id=4174\" rel=\"attachment wp-att-4174\">MEN\u00da ASTRINGENTE-ABRIL 26-COLEGIO STMO CRISTO DE LA FE<\/a><\/p>\n<p><a href=\"https:\/\/www.colegiosantisimo.es\/?attachment_id=4175\" rel=\"attachment wp-att-4175\">MEN\u00da BASAL-ABRIL 26-COLEGIO STMO CRISTO DE LA FE<\/a><\/p>\n<p><a href=\"https:\/\/www.colegiosantisimo.es\/?attachment_id=4176\" rel=\"attachment wp-att-4176\">MEN\u00da HIPOCAL\u00d3RICO-ABRIL 26-COLEGIO STMO CRISTO DE LA FE<\/a><\/p>\n<p><a href=\"https:\/\/www.colegiosantisimo.es\/?attachment_id=4177\" rel=\"attachment wp-att-4177\">MEN\u00da SIN CARNE-ABRIL 26-COLEGIO STMO CRISTO DE LA FE<\/a><\/p>\n<p><a href=\"https:\/\/www.colegiosantisimo.es\/?attachment_id=4178\" rel=\"attachment wp-att-4178\">MEN\u00da SIN CERDO-ABRIL 26-COLEGIO STMO CRISTO DE LA FE<\/a><\/p>\n<p><a href=\"https:\/\/www.colegiosantisimo.es\/?attachment_id=4179\" rel=\"attachment wp-att-4179\">MEN\u00da SIN FRUTOS SECOS, SIN MARISCO-ABRIL 26-COLEGIO STMO CRISTO DE LA FE<\/a><\/p>\n<p><a href=\"https:\/\/www.serunion.es\/es\/servicios\/catering-comedor-escolar\"><img decoding=\"async\" class=\"alignnone size-full wp-image-3486\" src=\"https:\/\/www.colegiosantisimo.es\/wp-content\/uploads\/2022\/08\/serunion.jpg\" alt=\"\" width=\"270\" height=\"63\" \/>\u00a0\u00a0\u00a0 <\/a><a href=\"https:\/\/www.colegiosantisimo.es\/wp-content\/uploads\/2022\/09\/P.E-Educativo_2022-23-serunion.pdf\">Propuesta pedag\u00f3gica (pdf)<\/a><\/p>\n<p><a href=\"https:\/\/www.colegiosantisimo.es\/wp-content\/uploads\/2022\/09\/Serunion01.jpg\"><img fetchpriority=\"high\" decoding=\"async\" class=\"alignnone size-full wp-image-3501\" src=\"https:\/\/www.colegiosantisimo.es\/wp-content\/uploads\/2022\/09\/Serunion01.jpg\" alt=\"\" width=\"509\" height=\"720\" srcset=\"https:\/\/www.colegiosantisimo.es\/wp-content\/uploads\/2022\/09\/Serunion01.jpg 509w, https:\/\/www.colegiosantisimo.es\/wp-content\/uploads\/2022\/09\/Serunion01-212x300.jpg 212w\" sizes=\"(max-width: 509px) 100vw, 509px\" \/><\/a><\/p>\n<p><a href=\"https:\/\/www.colegiosantisimo.es\/wp-content\/uploads\/2022\/09\/Serunion02.jpg\"><img decoding=\"async\" class=\"alignnone size-full wp-image-3502\" src=\"https:\/\/www.colegiosantisimo.es\/wp-content\/uploads\/2022\/09\/Serunion02.jpg\" alt=\"\" width=\"508\" height=\"701\" srcset=\"https:\/\/www.colegiosantisimo.es\/wp-content\/uploads\/2022\/09\/Serunion02.jpg 508w, https:\/\/www.colegiosantisimo.es\/wp-content\/uploads\/2022\/09\/Serunion02-217x300.jpg 217w\" sizes=\"(max-width: 508px) 100vw, 508px\" \/><\/a><\/p>\n<p>&nbsp;<\/p>\n","protected":false},"excerpt":{"rendered":"<p>Servicio de restauraci\u00f3n SERUNION: Men\u00fa del mes MEN\u00da ASTRINGENTE-ABRIL 26-COLEGIO STMO CRISTO DE LA FE MEN\u00da BASAL-ABRIL 26-COLEGIO STMO CRISTO DE LA FE MEN\u00da HIPOCAL\u00d3RICO-ABRIL 26-COLEGIO STMO CRISTO DE LA FE MEN\u00da SIN CARNE-ABRIL 26-COLEGIO STMO CRISTO DE LA FE MEN\u00da SIN CERDO-ABRIL 26-COLEGIO STMO CRISTO DE LA FE MEN\u00da SIN FRUTOS SECOS, SIN MARISCO-ABRIL [&hellip;]<\/p>\n","protected":false},"author":5,"featured_media":0,"parent":0,"menu_order":0,"comment_status":"closed","ping_status":"closed","template":"","meta":{"footnotes":""},"class_list":["post-3222","page","type-page","status-publish","hentry"],"_links":{"self":[{"href":"https:\/\/www.colegiosantisimo.es\/index.php?rest_route=\/wp\/v2\/pages\/3222","targetHints":{"allow":["GET"]}}],"collection":[{"href":"https:\/\/www.colegiosantisimo.es\/index.php?rest_route=\/wp\/v2\/pages"}],"about":[{"href":"https:\/\/www.colegiosantisimo.es\/index.php?rest_route=\/wp\/v2\/types\/page"}],"author":[{"embeddable":true,"href":"https:\/\/www.colegiosantisimo.es\/index.php?rest_route=\/wp\/v2\/users\/5"}],"replies":[{"embeddable":true,"href":"https:\/\/www.colegiosantisimo.es\/index.php?rest_route=%2Fwp%2Fv2%2Fcomments&post=3222"}],"version-history":[{"count":49,"href":"https:\/\/www.colegiosantisimo.es\/index.php?rest_route=\/wp\/v2\/pages\/3222\/revisions"}],"predecessor-version":[{"id":4180,"href":"https:\/\/www.colegiosantisimo.es\/index.php?rest_route=\/wp\/v2\/pages\/3222\/revisions\/4180"}],"wp:attachment":[{"href":"https:\/\/www.colegiosantisimo.es\/index.php?rest_route=%2Fwp%2Fv2%2Fmedia&parent=3222"}],"curies":[{"name":"wp","href":"https:\/\/api.w.org\/{rel}","templated":true}]}}